h(b) be the first derivative of 11*b**2/2 - 4*b + 34. Calculate h(-4).
-48
Let b = -24 + 30. Let m(w) be the first derivative of w**4/8 - 3*w**3/2 + w**2 - 1. Let c(f) be the second derivative of m(f). What is c(b)?
9
Let y = 10 + -8. Let m(g) = -401*g + 401*g + 2 - 1 - 5*g**y. Suppose 0 = 2*u + 1 - 3. What is m(u)?
-4
Suppose 210*b + 6 = 211*b. Let q(h) be the first derivative of -b + 1/2*h**2 + h - h**3. Give q(-1).
-3
Suppose -q = -0*q - 4. Let f(n) be the third derivative of -n**4/12 + 5*n**3/6 - 60*n**2. What is f(q)?
-3
Let n = 4 - 6. Let l(u) be the third derivative of -u**4/24 - u**3/2 + 10006*u**2. Calculate l(n).
-1
Let p(j) be the first derivative of -j**4/4 + 4*j**3/3 - 5*j - 217. Give p(5).
-30
Let c = 1379/44 - 342/11. Let o(f) be the third derivative of 0 + 11*f**2 + 0*f - 1/6*f**3 + c*f**5 - 1/24*f**4. Give o(-1).
15
Let a(u) = -6367*u - 6362*u + 12733*u + 64. Determine a(-18).
-8
Let g(s) = -s**2 - 9*s + 3. Suppose 4*c + 33 = 45. Suppose -2*f = -c*f - 3*k, -2*f - 5*k - 3 = 0. Calculate g(f).
3
Let x(t) = -2*t + 5. Let h(m) = -m + 3. Let p(q) = -7*h(q) + 4*x(q). Let y = 16 + -10. Give p(y).
-7
Let k(c) be the third derivative of -c**5/60 + c**4/2 + 13*c**3/6 + 3*c**2 + 32. Determine k(13).
0
Let d(c) = -c**2 + 8*c + 5. Let n(b) = 18*b + 243. Let y be n(-13). What is d(y)?
-4
Let c be -3 + (-1 + 2 - -9). Let h(r) be the third derivative of r**4/24 - 7*r**3/6 - 11*r**2 - 3*r. Calculate h(c).
0
Let s be 18/(-15)*(-75)/(-10). Let j be 6/(-4)*(-12)/s. Let y(i) = 5*i**2 + 4*i + 1. Let o(b) = 10*b**2 + 9*b + 2. Let d(m) = j*o(m) + 5*y(m). Give d(-1).
4
Let h(t) be the first derivative of t**4/24 - 4*t**3/3 + 11*t**2 - 17. Let f(b) be the second derivative of h(b). Suppose 2*m + 6 - 18 = 0. Determine f(m).
-2
Let s(a) be the second derivative of a**4/12 + 7*a**3/3 - 11*a**2 + 2*a - 5. Determine s(-15).
-7
Let s(m) = 2*m. Suppose 3*a + 2*y - 12 = 5*y, 3*a - 28 = -5*y. What is s(a)?
12
Suppose 3*y = c, -4*y - 2*c + 16 - 6 = 0. Let m(u) = 4*u + 1. Let n(b) = 4*b + 1. Suppose -5*g - 39 + 14 = 0. Let o(d) = g*m(d) + 6*n(d). Calculate o(y).
5
Let c be (74/111)/(1/(-9)). Let o(n) = 4*n + 7. Calculate o(c).
-17
Let w(o) = -12*o**2 - 2*o - 19. Let q(m) = -7*m**2 - 10. Let c(h) = 5*q(h) - 3*w(h). Give c(-5).
2
Let h be 1*(-2 + 0 + 0). Let q(r) = -9*r**3 - 725 + 8*r**3 + r**2 + 723. What is q(h)?
10
Let m(a) = -a. Let u be m(1). Let j(o) = 3*o - 6. Let i(p) = 1. Let l(r) = u*j(r) - 6*i(r). Let d be -5 + 3 + -5 + 6. Determine l(d).
3
Suppose 2*v - 12 = 2*s, -5*v + s = -10 - 12. Let t(o) be the third derivative of 0 + 0*o**3 + 0*o**5 - 1/24*o**v - 1/120*o**6 - 4*o**2 + 0*o. What is t(1)?
-2
Let c(b) = -2*b - 7 + b**2 - 5 + 6 + 3*b. Let w be c(-3). Let g(a) = -a**3 - 8. What is g(w)?
-8
Let d(t) = -3*t**2 - t + 6. Let g(a) = 16*a**2 + 10*a - 27. Let c(q) = 5*d(q) + g(q). Let y be 0 - (1 - (1 + -1)). Let m(b) = 5*b. Let z be m(y). What is c(z)?
3
Let a = 11 - 11. Suppose a = -9*d - 11 - 70. Let j(y) = -y**2 - 8*y + 5. Determine j(d).
-4
Let l(z) = -z + 7. Suppose -6 = 2*h - 5*g - 1, 0 = 3*h + 5*g + 20. Let r = -12 - h. Let a = r - -12. Determine l(a).
2
Let u(p) = -2*p**3 + 7*p**2 + 5. Let n(m) = -m + 5*m**3 + 2*m**3 + m**3 - 5*m**3 - 6 - 8*m**2. Let q(j) = -4*n(j) - 5*u(j). Calculate q(-3).
14
Let n(m) be the first derivative of -m**3/3 - 3*m**2 - m + 81. Suppose -4*j - 7 = 3*w, j = 4*w - 0*w + 22. Determine n(w).
4
Let f(i) be the third derivative of -i**4/3 + i**3/6 - 3*i**2. Let k(o) = -60*o - 299. Let v be k(-5). What is f(v)?
-7
Let o(c) = c + 1. Let i(s) = -16*s - 16. Let t(g) = 2*i(g) + 28*o(g). Give t(4).
-20
Suppose 3*f - 3 = -9. Let u(t) = t + 4. Let p be u(f). Let l be (-3)/p*(-90)/(-27). Let a(i) = i**2 + 3*i - 7. Determine a(l).
3
Let c(w) = 8*w**2 - 26*w + 52. Let v(p) = 3*p**2 - 9*p + 18. Let f(r) = -4*c(r) + 11*v(r). What is f(-8)?
14
Suppose -q = -3*s + 12, 0 = 3*q - s - 3 - 1. Suppose 2 = q*h - 10. Let c(u) = -h - 4*u + 3*u + 4 - 4. What is c(-5)?
1
Let l(g) be the first derivative of -2*g**3/3 - g**2 + 6*g + 329. Determine l(-3).
-6
Let s(x) = -3*x**3 + 3*x**3 - 2*x**2 - 1 + 17*x**3 - 2*x - 13*x**3 - 5*x**3. Determine s(-2).
3
Let g = 0 + 1. Let s(j) be the second derivative of j**3 - j**2/2 - 30*j. Calculate s(g).
5
Let q(b) be the first derivative of -b**4/4 + 4*b**3/3 - 2*b**2 + 1018. Determine q(2).
0
Let j = -167 - -172. Let h(r) = r**2 - 2*r - 7. Determine h(j).
8
Let n(m) = -29 + 2*m + 61 - 35. Let v be -6*(2 - 21/9). Calculate n(v).
1
Let p(c) = -2*c**2 + 16*c + 2. Let u be p(7). Suppose 4*d = -0*d + u. Let g(o) = -5*o + 4. Give g(d).
-16
Let k(w) = 5*w + 1. Let c = -224 + 223. Give k(c).
-4
Let q(m) be the third derivative of m**2 + 1/120*m**6 + 44*m + 0 + 2/3*m**3 + 1/12*m**5 - 1/8*m**4. Give q(-6).
-14
Let d(u) = -8*u + 1. Let k(j) = 7*j - 6*j + 0 - 6 - 2. Let a be k(6). Determine d(a).
17
Suppose -175*n + 174*n = -3. Let y(j) = j**3 - 5*j**2 + 3*j - 2. Give y(n).
-11
Let b(i) = i - 8. Let k(o) = o**3 + 16*o**2 - 19*o - 28. Suppose -2*a + 3*p = 34, 5*a - 2*a + 4*p = -51. Let v be k(a). What is b(v)?
-2
Let n(x) be the third derivative of x**5/20 - x**4/12 + x**3/6 + x**2. Let z be n(1). Let i(j) = 2*j**2 + 1 + 1 - j**3 + 0*j**2. Give i(z).
2
Suppose -60 = -p - 11*p. Let g(z) = -z**3 + 6*z**2 - 4*z + 1. Determine g(p).
6
Suppose -g - 15 = -6*g. Let z(d) = -3*d**3 + 4 - d**g - 2*d - 7*d**2 + 2*d**2 + 3*d**3. What is z(-4)?
-4
Let l = -21 - -23. Let a(x) = l*x - x**3 + 3*x**2 + 5*x**2 + 4 + 4*x - 3*x**2. Determine a(6).
4
Let r(m) = 2*m**2 - m - 2. Suppose 7*j = 2*j + 20. Suppose 5*q + 23 = 3*v, v - j*q = -0*q + 17. Suppose 2*h - 3*a + 20 = v, 12 = 4*h + 4*a. What is r(h)?
8
Let c(g) = -4*g - 3*g + 0*g - 7 + 4*g. Let w be c(-5). Let f(n) = 5 + 7*n - 7*n**2 + 0*n**2 + w*n**2. Determine f(-5).
-5
Suppose -31 + 19 = -6*y. Let h(n) be the second derivative of 0 + 0*n**y + 1/6*n**3 + 8*n + 1/20*n**5 + 0*n**4. Give h(0).
0
Let j(u) be the first derivative of -u**4/4 - 5*u**3/3 + 2*u**2 - 4*u + 14. Calculate j(-6).
8
Let b(k) = -k**2 + 3*k. Let d be b(2). Suppose -d*z = c - 8, -2*c = 3*z - 0*c - 13. Let t(p) = -p + 1. What is t(z)?
-2
Let d(y) be the third derivative of -y**4/8 - 11*y**3/6 - 11*y**2 + 3. Give d(-11).
22
Let t(k) = -2 + 0*k + 2*k + 2*k - k**2. Let f = -3 + 15. Let j = f + -7. Give t(j).
-7
Let u(v) = 6 - 16 + 9 - v**2 - 7*v + 8. What is u(-8)?
-1
Suppose 19*p - 23*p = -52. Suppose -4*j + 0*w = -3*w - p, -j - 4*w = 11. Let l(i) = 24*i**3 + i**2 + i - 1. What is l(j)?
25
Suppose 0 = 4*g - 9*g. Let v(i) be the second derivative of -i**4/12 - 2*i**3/3 - i**2 - 3*i. Let j(w) = -w**2 - 3*w - 2. Let q(l) = 3*j(l) - 2*v(l). Give q(g).
-2
Let b(d) be the second derivative of 1/2*d**2 - 1/4*d**4 + 0 - 2*d + 1/3*d**3. What is b(2)?
-7
Let m(g) = -7*g**2 + g - 2. Let t be m(1). Let p(w) = w**3 + 9*w**2 + 9*w + 11. Give p(t).
3
Let u(v) be the third derivative of v**5/60 - 7*v**4/12 + 19*v**3/3 + 18*v**2. Let g be u(4). Let c(h) = 2*h + 3. Determine c(g).
-1
Let o(k) = k**2. Let u be o(0). Suppose 0 = a, u*t = 4*t + 4*a. Let y(j) = 2*j - 3*j + 11 + t*j. Determine y(8).
3
Let n = -9 + 9. Let f = n + 5. Let s(t) = 2*t + 10. Let v(h) = -h. Let d(m) = s(m) + 3*v(m). What is d(f)?
5
Let p(y) = y**2 + 1 - 9*y - y**2 + 2*y**2. Let h = 752 + -223. Let a be 46/h + (-272)/(-46). Determine p(a).
19
Suppose -3*s - 5*h + 34 = 0, 2*s - h + 1 = 2. Let m(a) be the first derivative of 2 - 1/3*a**s + 1/4*a**4 + a - 3/2*a**2. Calculate m(2).
-1
Let v(a) = 9*a**3 - 22*a**2 + 32*a - 9. Let o(r) = 2*r**3 - r**2 - 1. Let h(z) = 4*o(z) - v(z). Determine h(16).
5
Let k be (12/4 + -3)*-1. Suppose 10 = -f - 2*j - 2*j, k = -3*f - 4*j - 6. Let u(i) = 4*i + 3. Let s(q) = -3*q - 2. Let h(l) = 3*s(l) + 2*u(l). What is h(f)?
-2
Let l(q) be the third derivative of q**5/20 + q**4/24 + q**3/3 + 2*q**2 - 87*q. Give l(-1).
4
Let y(n) be the second derivative of -n**2 + 17*n - 1/3*n**3 + 0. Let p(g) = g + 3. Let m be p(-5). Determine y(m).
2
Let y be ((0/3)/(0 - -1))/2. Let k(p) = 30 - 33 - p**2 + y*p**2 - p. Calculate k(-4).
-15
Suppose 0 = 19*s - 101 + 25. Let j(u) be the second derivative of -1/20*u**5 + 3*u - 1/2*u**2 + 0 + 1/4*u**s + 2/3*u**3. Calculate j(4).
-1
Suppose 0 = 2*d - 5 + 13. Let f be d/(-4)*14/2. Let w(z) = -z**2 + 8*z - 8. Give w(f).
-1
Supp